 is 2e5 - c36?
-941
In base 7, what is 1164 + -1421?
-224
In base 4, what is 120103211100 - -101?
120103211201
In base 12, what is -244b104 - -3?
-244b101
In base 5, what is -321320110014 - 0?
-321320110014
In base 9, what is 38 - 8580721?
-8580672
In base 7, what is -3110 + -135?
-3245
In base 9, what is -334302864 + 3?
-334302861
In base 13, what is -19 - 261728?
-261744
In base 4, what is 3111000 - 2002?
3102332
In base 3, what is 10112 + -2102201212201?
-2102201202012
In base 4, what is 3 + -3311203222012?
-3311203222003
In base 14, what is -16c594 - c?
-16c5a2
In base 2, what is -10100111010101100 + -100110?
-10100111011010010
In base 13, what is -6 - -1560282b?
15602825
In base 2, what is 110011 + -1110000111110101011?
-1110000111101111000
In base 14, what is 6 + 4d86a6?
4d86ac
In base 13, what is 3 - 22b8aa4b?
-22b8aa48
In base 5, what is 130204 - -2003?
132212
In base 2, what is -11100000111000101111 - 111?
-11100000111000110110
In base 13, what is 3 + -39c36117?
-39c36114
In base 9, what is -4 + -777621?
-777625
In base 15, what is 3 - c6bd2?
-c6bce
In base 8, what is -35021 + 4630?
-30171
In base 3, what is -102102112102221112 + -10?
-102102112102221122
In base 3, what is -2 - 2002220021210?
-2002220021212
In base 11, what is 102 - -71aa5?
720a7
In base 2, what is -10100001100 + -100001110101001?
-100100010110101
In base 10, what is 223698 + 165?
223863
In base 4, what is -222210100330 + 0?
-222210100330
In base 16, what is 4e - 15777?
-15729
In base 9, what is 56 - 274256?
-274200
In base 7, what is 651133 - 144?
650656
In base 3, what is -22201102 + 101022212020?
101000010211
In base 10, what is 13629 + -309?
13320
In base 8, what is -356 - 2016?
-2374
In base 13, what is -120a3 + 117?
-11c89
In base 16, what is -644 - -1354?
d10
In base 13, what is -4 - 8b55411?
-8b55415
In base 14, what is -4587 - 368?
-4911
In base 9, what is 1 + 138485?
138486
In base 10, what is -77979 + -28?
-78007
In base 13, what is -1 - -432743?
432742
In base 7, what is -41 + 54620?
54546
In base 7, what is 1013043 - -4?
1013050
In base 4, what is -3001 - -132000012?
131331011
In base 7, what is 14 + 141204165?
141204212
In base 12, what is -36 - 12871?
-128a7
In base 9, what is 781 - -1316560?
1317451
In base 4, what is 2 + 13322330021?
13322330023
In base 13, what is a302a8 + 9a?
a30375
In base 4, what is -1010110 + 32101?
-312003
In base 16, what is b98 + 3bee?
4786
In base 8, what is 3142 + 10601?
13743
In base 3, what is 11 + -11022110222022?
-11022110222011
In base 15, what is 27 + -612c?
-6105
In base 12, what is -2628b2b - -10?
-2628b1b
In base 15, what is 7ec3 - 11?
7eb2
In base 2, what is 101000000011100111000 - 0?
101000000011100111000
In base 7, what is -3 - -2265543505?
2265543502
In base 10, what is -3443987 + 252?
-3443735
In base 3, what is 11 + -210102012202001022?
-210102012202001011
In base 8, what is -34370250 + 2?
-34370246
In base 7, what is -6311355 - -5?
-6311350
In base 3, what is -1211201 + -22200012?
-101111220
In base 6, what is -3212 + -31501?
-35113
In base 6, what is -115343 + 234?
-115105
In base 12, what is -92746 - -18?
-9272a
In base 12, what is 969 - -16ba0?
17949
In base 9, what is -3416827 + 1?
-3416826
In base 10, what is -72180 + -86?
-72266
In base 15, what is -5 - 58e5cb4?
-58e5cb9
In base 13, what is -53861 - -5?
-53859
In base 14, what is -1b4b - -340a?
169d
In base 16, what is -3 - 367e2d?
-367e30
In base 7, what is -330 + -46414504?
-46415134
In base 7, what is 13232611055 - -2?
13232611060
In base 14, what is -28b0c93 - -3?
-28b0c90
In base 5, what is 1014000 + 11030?
1030030
In base 12, what is 144406 + -10?
1443b6
In base 7, what is 1246643442 - -1?
1246643443
In base 8, what is -106 + -21450560?
-21450666
In base 6, what is 34005 - -1040403?
1114412
In base 11, what is 1 + 4044157?
4044158
In base 3, what is -210211100 - 1012011?
-212000111
In base 12, what is -480 + 3041?
2781
In base 9, what is 1462 - 8236?
-6664
In base 9, what is -2314 + 77834?
75520
In base 9, what is 1225 - 20307?
-18072
In base 10, what is 7 + 101795660?
101795667
In base 3, what is -1101120000102021022 + 2?
-1101120000102021020
In base 8, what is 5522605520 + -5?
5522605513
In base 5, what is -13203201 - 2032?
-13210233
In base 10, what is -947 + 583?
-364
In base 9, what is -127 + 6803870?
6803742
In base 3, what is 2111120122211002102 + -2?
2111120122211002100
In base 11, what is 6 + 1232003?
1232009
In base 5, what is -2203204210 + -10?
-2203204220
In base 6, what is -1545055502 + 3?
-1545055455
In base 10, what is 339155 + -202?
338953
In base 9, what is -10555 - 45156?
-55722
In base 7, what is 1634415064 - 3?
1634415061
In base 9, what is -76042402 + 0?
-76042402
In base 16, what is 6 - 462d6b2?
-462d6ac
In base 4, what is -212 + -123110121?
-123110333
In base 6, what is -4053304 - 1233?
-4054541
In base 3, what is -20011112112011 + 20?
-20011112111221
In base 13, what is 1c318 + -59?
1c28c
In base 4, what is 200023012 + -321231?
133101121
In base 8, what is 122631265 + -2?
122631263
In base 16, what is -3 + bddae?
bddab
In base 2, what is 11010000 - 1001010100100110100010?
-1001010100100011010010
In base 15, what is -1666861d + 0?
-1666861d
In base 14, what is dab - -1148b?
12458
In base 10, what is -7 - -11108219?
11108212
In base 13, what is 95490 + -8b?
95402
In base 3, what is -121122020000222220 - -12?
-121122020000222201
In base 3, what is 102221 - 1110012100?
-1102202102
In base 9, what is 30830076 + -2?
30830074
In base 15, what is 458 + -14ac?
-1054
In base 13, what is 783 - -294b2?
29c65
In base 15, what is 184cd + 108?
185d6
In base 9, what is -32 - 848185?
-848227
In base 2, what is -1100000110 - -101100100001111?
101011000001001
In base 10, what is -179513 + -52?
-179565
In base 9, what is -511177701 - 0?
-511177701
In base 12, what is -2751a9b + 4?
-2751a97
In base 5, what is -14141220 - 341?
-14142111
In base 3, what is 1022012112200221 + 201?
1022012112201122
In base 14, what is bb + 1d39b?
1d478
In base 16, what is -78 + -41ac8?
-41b40
In base 16, what is -35 - -4040bc?
404087
In base 12, what is -3 - 36893b76?
-36893b79
In base 14, what is 1b91d3 + -68?
1b9169
In base 4, what is 20223133223002 + -1?
20223133223001
In base 3, what is -1221 - 1120002101220101?
-1120002101222022
In base 9, what is -14661 + -1517?
-16278
In base 3, what is -2202112 - 10010101?
-12212220
In base 6, what is -4 - 4045505554?
-4045510002
In base 16, what is 2 - de192?
-de190
In base 10, what is -456 - -912365?
911909
In base 4, what is -102032101213 + 10?
-102032101203
In base 15, what is -3096 + 1a5b?
-153a
In base 7, what is 2 - 45323161?
-45323156
In base 10, what is -5 - 14314622?
-14314627
In base 8, what is 126223651 + 5?
126223656
In base 15, what is -6b2a + -ae0?
-771a
In base 9, what is -61654023 - 5?
-61654028
In base 4, what is 1010313 - -12000?
1022313
In base 12, what is -3093608 - -7?
-3093601
In base 7, what is -644 + 1551?
604
In base 4, what is -201002110303 - -1?
-201002110302
In base 11, what is 2a2 - 144?
159
In base 15, what is -7 - 1e32ee?
-1e3306
In base 12, what is -1 + -1927a46?
-1927a47
In base 5, what is 1100244313 + -3?
1100244310
In base 9, what is 27554843 + 3?
27554846
In base 14, what is 4bb6 - da2?
3c14
In base 10, what is -3647808 + 426?
-3647382
In base 15, what is -73b7c31 + 3?
-73b7c2d
In base 6, what is 200514222 - -11?
200514233
In base 14, what is 138 + 869cd?
86b27
In base 16, what is -1266 + -17b?
-13e1
In base 6, what is -31334215541 - 4?
-31334215545
In base 8, what is 125 + -312407?
-312262
In base 10, what is 13737177 + 1?
13737178
In base 11, what is 12a6 - 138581?
-137286
In base 6, what is 112 + -143243530?
-143243414
In base 3, what is 21 + 20222212011100111?
20222212011100202
In base 16, what is -2 + -1378d04?
-1378d06
In base 11, what is 295 - 6053?
-5869
In base 3, what is -10202120100001 - 1?
-10202120100002
In base 13, what is -7c86 - 399?
-8352
In base 16, what is 594 - -90fb?
968f
In base 4, what is -20 + -1112012200102?
-1112012200122
In base 15, what is -19c + -571e6?
-57393
In base 15, what is 28bc - 410?
24ac
In base 13, what is -35 + -154784c?
-1547884
In base 5, what is 2042110412 + 32?
2042110444
In base 9, what is -206646 + -1633?
-208380
In base 12, what is -19 